{"id":32,"date":"2019-07-26T18:05:09","date_gmt":"2019-07-26T15:05:09","guid":{"rendered":"http:\/\/www.citcitsacfiyatlari.com\/?page_id=32"},"modified":"2019-08-27T16:28:31","modified_gmt":"2019-08-27T13:28:31","slug":"sac-kaynak","status":"publish","type":"page","link":"http:\/\/www.citcitsacfiyatlari.com\/index.php\/sac-kaynak\/","title":{"rendered":"Sa\u00e7 Kaynak"},"content":{"rendered":"\n<h1 class=\"wp-block-heading\">Sa\u00e7 Kaynak<\/h1>\n\n\n\n<p><strong>\n<a href=\"https:\/\/web.archive.org\/web\/20170605024453\/http:\/\/www.citcitsacfiyatlari.com\/wp-content\/uploads\/2010\/10\/Sa\u00e7-Kayna\u011f\u0131.jpg\"><\/a>SACH SA\u00c7 KAYNAK MERKEZ\u0130\n<\/strong><\/p>\n\n\n\n<p><strong>Sa\u00e7 kayna\u011f\u0131<\/strong> uygulamalar\u0131 sa\u00e7 uzatmakta zorluk \u00e7eken ki\u015filer i\u00e7in ideal bir \u00e7\u00f6z\u00fcm yoludur. <strong>Sa\u00e7 Kayna\u011f\u0131<\/strong> uygulamalar\u0131nda y\u00fczde y\u00fcz ger\u00e7ek insan sa\u00e7\u0131 kullan\u0131lmaktad\u0131r. <strong>Sa\u00e7 kayna\u011f\u0131<\/strong> uzun s\u00fcre kullan\u0131ma sahip tek sa\u00e7 uzatma y\u00f6ntemidir. <strong>Sa\u00e7 kayna\u011f\u0131<\/strong> yapt\u0131racak olan ki\u015finin sa\u00e7lar\u0131n\u0131n \u00fc\u00e7 santim uzunlu\u011funda olmas\u0131 yeterlidir. <strong>Sa\u00e7 Kaynak<\/strong> uygulamas\u0131 i\u00e7in ideal uzunluk ise yirmi santimdir. <strong>Sa\u00e7 kaynak<\/strong>\n uygulamas\u0131 ba\u015f\u0131n ense k\u0131sm\u0131 ve yan k\u0131s\u0131mlar\u0131ndan bir bu\u00e7uk, ya da iki \nsantim sa\u00e7\u0131n ba\u015f\u0131n \u00e7er\u00e7eve b\u00f6l\u00fcm\u00fcnde b\u0131rak\u0131larak sa\u00e7 i\u00e7lerinde bo\u015fluk \nvermeden d\u00fczg\u00fcn bir s\u0131ra halinde sa\u00e7a uygulanmas\u0131 ile olur. Sa\u00e7\u0131n \netraf\u0131nda \u00e7er\u00e7eve b\u00f6l\u00fcm\u00fcn\u00fcn b\u0131rak\u0131lmas\u0131n\u0131n sebebi sa\u00e7lar topland\u0131\u011f\u0131nda \nsa\u00e7 etraf\u0131nda b\u0131rak\u0131lan bu b\u00f6l\u00fcm <strong>sa\u00e7 kaynak<\/strong> ek yerlerinin kapat\u0131lmas\u0131 i\u00e7indir.<\/p>\n\n\n\n<p><strong>Sa\u00e7 Kaynaklar\u0131<\/strong> farkl\u0131 y\u00f6ntemler uygulanarak \nyap\u0131labilir. Sa\u00e7 kaynak y\u00f6ntemleri sa\u00e7a \u00f6zel keratin maddesi ile \nyap\u0131\u015ft\u0131r\u0131larak yap\u0131labilir ya da \u00f6zel mikro halkalar kullan\u0131larak sa\u00e7a \ns\u0131k\u0131\u015ft\u0131r\u0131labilir. Hangi y\u00f6ntem kullan\u0131l\u0131rsa kullan\u0131ls\u0131n sa\u00e7ta \u00f6zenli bir\n i\u015f\u00e7ilik ve kaliteli birinci s\u0131n\u0131f y\u00fczde y\u00fcz ger\u00e7ek insan sa\u00e7\u0131 \nkullan\u0131lmal\u0131.<\/p>\n\n\n\n<div class=\"wp-block-image\"><figure class=\"aligncenter\"><a href=\"https:\/\/web.archive.org\/web\/20170605024453\/http:\/\/www.citcitsacfiyatlari.com\/wp-content\/uploads\/2010\/10\/Sa\u00e7-Kayna\u011f\u01311.jpg\"><img decoding=\"async\" src=\"https:\/\/web.archive.org\/web\/20170605024453im_\/http:\/\/www.citcitsacfiyatlari.com\/wp-content\/uploads\/2010\/10\/Sa\u00e7-Kayna\u011f\u01311-150x150.jpg\" alt=\"SACH SA\u00c7 KAYNAK MERKEZ\u0130 \u00d6NCES\u0130\" class=\"wp-image-48\"\/><\/a><figcaption> SACH SA\u00c7 KAYNAK MERKEZ\u0130 SONRASI <\/figcaption><\/figure><\/div>\n\n\n\n<div class=\"wp-block-image\"><figure class=\"aligncenter\"><a href=\"https:\/\/web.archive.org\/web\/20170605024453\/http:\/\/www.citcitsacfiyatlari.com\/wp-content\/uploads\/2010\/10\/Sa\u00e7-Kayna\u011f\u01312.jpg\"><img decoding=\"async\" src=\"https:\/\/web.archive.org\/web\/20170605024453im_\/http:\/\/www.citcitsacfiyatlari.com\/wp-content\/uploads\/2010\/10\/Sa\u00e7-Kayna\u011f\u01312-150x150.jpg\" alt=\"SACH SA\u00c7 KAYNAK MERKEZ\u0130 SONRASI\" class=\"wp-image-49\"\/><\/a><figcaption> SACH SA\u00c7 KAYNAK MERKEZ\u0130 SONRASI <\/figcaption><\/figure><\/div>\n\n\n\n<div class=\"wp-block-image\"><figure class=\"aligncenter\"><a href=\"https:\/\/web.archive.org\/web\/20170605024453\/http:\/\/www.citcitsacfiyatlari.com\/wp-content\/uploads\/2010\/10\/Sa\u00e7-Kayna\u011f\u0131.jpg\"><img decoding=\"async\" src=\"https:\/\/web.archive.org\/web\/20170605024453im_\/http:\/\/www.citcitsacfiyatlari.com\/wp-content\/uploads\/2010\/10\/Sa\u00e7-Kayna\u011f\u0131-150x150.jpg\" alt=\"SACH SA\u00c7 KAYNAK MERKEZ\u0130 SONRASI\" class=\"wp-image-47\"\/><\/a><figcaption> SACH SA\u00c7 KAYNAK MERKEZ\u0130 SONRASI <\/figcaption><\/figure><\/div>\n","protected":false},"excerpt":{"rendered":"<p>Sa\u00e7 Kaynak SACH SA\u00c7 KAYNAK MERKEZ\u0130 Sa\u00e7 kayna\u011f\u0131 uygulamalar\u0131 sa\u00e7 uzatmakta zorluk \u00e7eken ki\u015filer i\u00e7in ideal bir \u00e7\u00f6z\u00fcm yoludur. Sa\u00e7 Kayna\u011f\u0131 uygulamalar\u0131nda y\u00fczde y\u00fcz ger\u00e7ek insan sa\u00e7\u0131 kullan\u0131lmaktad\u0131r. Sa\u00e7 kayna\u011f\u0131 uzun s\u00fcre kullan\u0131ma sahip tek sa\u00e7 uzatma y\u00f6ntemidir. Sa\u00e7 kayna\u011f\u0131 yapt\u0131racak olan ki\u015finin sa\u00e7lar\u0131n\u0131n \u00fc\u00e7 santim uzunlu\u011funda<\/p>\n","protected":false},"author":1,"featured_media":0,"parent":0,"menu_order":0,"comment_status":"closed","ping_status":"closed","template":"","meta":{"footnotes":""},"tags":[7,5,6,4,10,9,11],"class_list":["post-32","page","type-page","status-publish","hentry","tag-cit-cit","tag-cit-cit-sac-fiyatlari","tag-cit-cit-sac-seti","tag-cit-cit-saclar","tag-sac-kaynagi","tag-sac-kaynak","tag-sac-kaynak-merkezi"],"aioseo_notices":[],"_links":{"self":[{"href":"http:\/\/www.citcitsacfiyatlari.com\/index.php\/wp-json\/wp\/v2\/pages\/32","targetHints":{"allow":["GET"]}}],"collection":[{"href":"http:\/\/www.citcitsacfiyatlari.com\/index.php\/wp-json\/wp\/v2\/pages"}],"about":[{"href":"http:\/\/www.citcitsacfiyatlari.com\/index.php\/wp-json\/wp\/v2\/types\/page"}],"author":[{"embeddable":true,"href":"http:\/\/www.citcitsacfiyatlari.com\/index.php\/wp-json\/wp\/v2\/users\/1"}],"replies":[{"embeddable":true,"href":"http:\/\/www.citcitsacfiyatlari.com\/index.php\/wp-json\/wp\/v2\/comments?post=32"}],"version-history":[{"count":1,"href":"http:\/\/www.citcitsacfiyatlari.com\/index.php\/wp-json\/wp\/v2\/pages\/32\/revisions"}],"predecessor-version":[{"id":34,"href":"http:\/\/www.citcitsacfiyatlari.com\/index.php\/wp-json\/wp\/v2\/pages\/32\/revisions\/34"}],"wp:attachment":[{"href":"http:\/\/www.citcitsacfiyatlari.com\/index.php\/wp-json\/wp\/v2\/media?parent=32"}],"wp:term":[{"taxonomy":"post_tag","embeddable":true,"href":"http:\/\/www.citcitsacfiyatlari.com\/index.php\/wp-json\/wp\/v2\/tags?post=32"}],"curies":[{"name":"wp","href":"https:\/\/api.w.org\/{rel}","templated":true}]}}